75. Let c = 7735 - 7686. What is the greatest common factor of s and c?
7
Suppose 0 = -3*d - 2 + 14, -5*j - 4*d + 12486 = 0. What is the greatest common factor of j and 58?
58
Let l(d) = -598*d - 8038. Let m be l(-18). What is the greatest common factor of m and 406?
58
Let y(p) = -8*p**2 + 748*p - 52. Let v be y(93). Calculate the highest common divisor of 1552 and v.
16
Suppose 22608 = 255*b + 59*b. Calculate the highest common divisor of b and 54.
18
Suppose -18*n - 5262 + 6342 = 0. Calculate the greatest common factor of n and 1212.
12
Suppose -103 = 7*f - 40. Let c(u) = 4*u + 46. Let i be c(f). What is the highest common divisor of 6 and i?
2
Let h = 150 + -46. Let d(m) = -24*m - 35. Let j be d(-2). Calculate the highest common factor of h and j.
13
Let z(x) = -3*x + 29. Let i be (-12)/(-9)*(20/(-8) - -1). Let m be z(i). What is the greatest common factor of m and 28?
7
Suppose 0 = -p - 2*x + 249, -2*p + 90 = 2*x - 406. What is the greatest common factor of 19 and p?
19
Let k = 526 + -504. Let u be 0 + 33326/k + 14/77. What is the greatest common factor of u and 15?
15
Let i be ((-24)/(-36))/((-1254)/252 - -5). What is the highest common factor of i and 77?
7
Suppose 25 = -5*u, -30 = 5*s - 3*s - 2*u. Let h = -4 - s. Let w be 42 - ((-1)/(-2))/(0 - 2/24). Calculate the greatest common divisor of h and w.
16
Suppose 5*b - 112 = 5*d - 37, -70 = -4*b - d. Suppose l - b = -10. Let o be -4 - -2 - -3 - -56 - -6. What is the highest common factor of l and o?
7
Suppose 0 = -z + 7*z - 198. Suppose a + 5*h - 13 = 20, -2*a = -h - z. What is the highest common factor of 45 and a?
9
Suppose -4*p - 80 = 18*p - 960. Calculate the highest common factor of 2440 and p.
40
Suppose 10 = -5*k - 5, -3*k = -5*j + 59. What is the greatest common factor of 95 and j?
5
Suppose 0 = 2*t - 8 - 2, -v - 2*t = -8476. Let k be (-5 - v/(-54)) + (-8)/(-36). What is the highest common divisor of k and 38?
38
Suppose 2*p - 391 = -3*c + 554, -4*c + 1249 = -p. Let x = 1605 - c. What is the highest common divisor of 68 and x?
68
Let z be ((-4)/16)/((-40)/(-512))*-20. Suppose 0 = 9*j - 14*j + 1040. What is the highest common divisor of j and z?
16
Suppose -2*s + s + 4*r = 392, -1557 = 4*s - 5*r. Let q = -269 - s. Calculate the greatest common factor of 7 and q.
7
Let t = -2955 - -2960. What is the greatest common divisor of t and 990?
5
Suppose -4*m = -5*h + 784, -4*h = 5*m - 438 - 222. Let b be (42/(-9) - (-1)/3)*-3. Suppose -b*k = -8*k - h. What is the highest common divisor of 16 and k?
16
Suppose -356 - 300 = -8*p. Calculate the highest common divisor of 1066 and p.
82
Let h = -168 + 316. Let x be (-122)/(-3)*((-612)/8)/(-1). Let c be x/85 + 4/10. Calculate the highest common factor of c and h.
37
Let j = 999 + -625. Calculate the greatest common factor of 442 and j.
34
Suppose 2*w - 2*u = -3*u + 155, 3*w = -4*u + 235. Let v = 25081 + -25070. Calculate the highest common divisor of w and v.
11
Suppose 2*w = -8 + 36. Let f = -1796 - -1831. What is the greatest common factor of w and f?
7
Suppose -22*j = -26 - 18. Suppose -j*i = 2*i - 112. What is the greatest common factor of 133 and i?
7
Suppose 2*w = -4*n + 4, 0 = 4*n - 5*w - 40 + 8. What is the highest common factor of n and 2559?
3
Let y(f) = -18*f + 144. Let m be y(-42). Let n = m + -720. Calculate the highest common factor of 240 and n.
60
Let r(y) = -y**2 - 5*y + 12. Let a be r(2). Let g be 41/(2/(-4)*a). What is the greatest common factor of g and 779?
41
Suppose -2*i = 4 - 16. Let h = 28 + -20. Suppose h*d - 153 = 183. What is the greatest common divisor of i and d?
6
Let z = -8554 + 8581. What is the greatest common divisor of 35883 and z?
27
Let d(f) = -2*f**3 + 18*f**2 + 5*f + 5. Let l be d(9). Suppose -30 = 8*y + l. Let k be (y/(-4))/(1/4). What is the greatest common factor of k and 90?
10
Let n = -22132 - -48184. Calculate the highest common factor of 167 and n.
167
Suppose 0 = -99*y - 7*y + 32436. Calculate the highest common divisor of y and 357.
51
Let s be ((-2)/(-5))/((-2)/(-40)). Let q(i) = 161*i - 2327. Let n be q(15). What is the greatest common divisor of s and n?
8
Let x(v) = -15*v - 72. Let y be x(-5). Suppose 0 = h + 3*r - 16 - 3, -y*h - 4*r = -72. Calculate the highest common factor of 35 and h.
7
Let q be (-10)/(-4)*(-2)/10*-68. Let l(x) = -5*x - 4*x + q - 58. Let v be l(-7). Calculate the greatest common divisor of 429 and v.
39
Suppose -a + 3*l + 9 = 0, 3*a + a - 5*l - 36 = 0. Let o = -73239 + 73241. What is the highest common divisor of a and o?
1
Suppose 2874 = -2*r + 2884. Calculate the greatest common divisor of 3815 and r.
5
Suppose 51*s - 60*s + 44 - 8 = 0. Calculate the highest common factor of s and 83.
1
Let b = 59 - -4. Let w be (-72)/18 - (918/(-6) + (-3 - -5)). What is the greatest common divisor of w and b?
21
Suppose -4*c = -f - 0*c + 53, 3*f - 5*c - 152 = 0. Let q(b) = 3*b**3 - 94*b**2 - 59*b + 36. Let y be q(32). Calculate the greatest common divisor of f and y.
49
Let c = 98 + -68. Let q(o) = 4*o**2 - 18*o - 16. Let u be q(11). What is the greatest common factor of u and c?
30
Let g be ((-2)/2)/((2/450)/(-1)). What is the greatest common divisor of g and 36?
9
Suppose -15*x + 17*x + 4*l - 52 = 0, -4*l = 3*x - 68. What is the highest common divisor of x and 2496?
16
Let u(y) = y**2 - 3*y - 1169. Let f be u(37). Suppose 0 = -2*v - 2*p + 1252, 2*v - 3*p = -0*p + 1237. Calculate the greatest common factor of f and v.
89
Suppose p = 5 + 17. Let c be (104/(-16) - 10)*84/(-9). Calculate the greatest common factor of p and c.
22
Let c(d) = 9*d + 1. Suppose -37 = -3*r - 1. Let m be r/(-16)*-4 + 0/(-1). Let w be c(m). What is the greatest common factor of 4 and w?
4
Suppose q - 4*s = 68, 2*s + s = 2*q - 116. Let o be (-1 - -1)/(-3) - 28/2. Let z = -10 - o. Calculate the greatest common divisor of z and q.
4
Suppose -70*w = -186*w + 7888. Let o be ((-4)/10)/(5/(-50)). Calculate the highest common factor of o and w.
4
Let s = 102 + -85. Let z(j) = -2*j**2 + 35*j + 18. Let d be z(s). What is the highest common factor of 7 and d?
7
Let v = 42 - 38. Let c be (-840)/(-220) + v/22. Suppose 0 = -j - c + 18. What is the greatest common factor of j and 28?
14
Suppose -4*z + 9 = -3*z + p, 5*p - 15 = 0. Let c be 17/z + 1 + 5/(-6). Let g be ((-66)/18 + c)/(4/(-18)). Calculate the greatest common divisor of g and 33.
3
Let f(q) = 18 + 26 - 7*q - 44. Let c be f(13). Let k be (-14)/c - 48/(-26). What is the greatest common divisor of 18 and k?
2
Suppose -5*h = -y + 6*y - 55, 22 = 2*y - h. Let o be y/(11 - 608/56). Let f = 24 + -13. Calculate the greatest common factor of o and f.
11
Let s be (1*-8 + 2)*95/(-10). Let w = s - 42. Calculate the highest common divisor of 60 and w.
15
Let m(x) = 1. Let n = 21 - 19. Let i(f) = -29*f - 1. Let a(z) = n*i(z) - 6*m(z). Let u be a(-4). What is the greatest common factor of 28 and u?
28
Suppose -45*z = -4*t - 42*z + 330, t = z + 84. What is the greatest common factor of 8229 and t?
39
Suppose 3*n - 53 = 2*n. Let h be 1/(-1 - 4 - (-12)/2). Calculate the highest common factor of h and n.
1
Let d = 4749 + -3814. Calculate the greatest common factor of 1045 and d.
55
Let q(g) = 5*g**2 - 7*g - 46. Let y be q(-10). Suppose -210 = -3*u + 5*u - l, 2*l = 5*u + y. Let r = u + 132. Calculate the greatest common factor of 56 and r.
28
Let y(a) = -a**3 - 5*a**2 - 3*a + 10. Let q be y(-4). Suppose 2*n + q = -2. Let r be (n*(-1)/5)/(16/80). What is the greatest common divisor of r and 4?
4
Let m = 252 - 228. Suppose 4*i - 54 = i. Calculate the greatest common factor of m and i.
6
Let k(i) = -i**2 - 14*i - 5. Let v be k(-13). Let o be ((-6)/4)/(24/(-2432)). What is the greatest common divisor of o and v?
8
Suppose 0 = -2*v - 5*j + 66, 2*j = 4*v - 150 - 6. Suppose 334*z - 6*t = 330*z + 2936, 0 = -3*z - 2*t + 2150. What is the highest common divisor of z and v?
38
Let u be (16/(-10))/(12/(-30)). Let x be (-2984)/40 - u/10. Let r be -3 + x/(-24) - (-110)/16. What is the highest common divisor of r and 7?
7
Let w = -571 - -575. Suppose 12*s - w*d = 11*s + 243, 5*s - 2*d = 1215. Calculate the highest common factor of s and 3.
3
Let h = 503 - 41. Calculate the highest common divisor of 252 and h.
42
Suppose 2*a + 5 = -2*s + 17, -5*s = -3*a - 46. Let o be (s/20 - 4)*(-10)/6. What is th